 highest common factor of v and 126?
42
Suppose -2*w + 16*w = -9*w + 5980. Calculate the greatest common factor of w and 2470.
130
Let q be ((-3 - 62) + 4)/(11/121). Let m = -473 - q. What is the greatest common divisor of 90 and m?
18
Suppose 231 = 5*o + 636. Let w = 138 + o. Suppose 0 = 4*v + 3*v - 133. What is the greatest common divisor of w and v?
19
Suppose 29*d = 2*y + 30*d + 2, 0 = 3*y + d. What is the highest common divisor of y and 47?
1
Let v(g) = g**2 - 988*g - 3935. Let d be v(-4). Let n be (-3 + -1)/(-1) - -557. Calculate the greatest common factor of n and d.
33
Let f = -9967 + 10192. What is the greatest common factor of 750 and f?
75
Let h be 1384 + ((-112)/6)/4*(-18)/(-21). What is the greatest common factor of h and 45?
15
Suppose 224 = 5*l - 191. Suppose 0 = 5*t - l + 13. Let h be (-1482)/(-13) + (0 - 2). Calculate the highest common factor of h and t.
14
Let o = -144 + 144. Suppose o = -9*h - 7*h. Suppose h = 3*i - 8*i + 2*p + 79, i - 21 = 3*p. What is the greatest common factor of 5 and i?
5
Let z = 11771 - 11720. Calculate the greatest common factor of 3672 and z.
51
Let g(n) be the third derivative of n**5/10 + 11*n**4/12 - 49*n**3/3 + 135*n**2. Let i be g(4). Calculate the highest common divisor of i and 473.
43
Suppose 31 - 123 = -2*a. Suppose 7 + 733 = 5*z. Let m = z - 125. Calculate the highest common factor of a and m.
23
Let x = -14839 - -21343. What is the highest common factor of x and 6?
6
Suppose 2*g - 4438 = 2*s, -5*g - 5*s + 3833 = -7302. What is the highest common factor of g and 351?
117
Let a = -8219 + 14749. Calculate the highest common factor of a and 10.
10
Suppose h + 5 = z - 2292, -2*h - 6889 = -3*z. Suppose 0 = 25*o - z - 2580. What is the greatest common divisor of o and 30?
15
Let o = 3048 + -2723. Calculate the greatest common divisor of o and 117.
13
Let u be (825/2)/(-5)*4. Let i be (u/77)/(2*1/(-14)). Calculate the highest common factor of 135 and i.
15
Let q = -2323 - -6532. Calculate the highest common factor of q and 46.
23
Suppose 6*f - 2*h = 3*h + 102952, 0 = -2*f - 2*h + 34288. What is the highest common divisor of 67 and f?
67
Suppose -9*u - 390 + 1182 = 0. Let k = 27 - 3. What is the greatest common factor of k and u?
8
Let p(y) = 4*y**3 + 4*y**2 - y + 3. Let k be p(3). Suppose -62*g + 49*g = 122*g - 7290. What is the greatest common factor of k and g?
18
Let o(t) = -13*t**2 - 219*t - 830. Let a be o(-6). Suppose -x + 416 = x. What is the highest common factor of x and a?
16
Let j(u) = -u**2 - 57*u + 1721. Let z be j(-60). Calculate the greatest common factor of 268 and z.
67
Let j(i) = 7*i**3 + 41*i**2 + 22*i + 51. Let t be j(-4). What is the highest common factor of t and 8379?
171
Let r(q) = -q**3 + 19*q + 264. Let w be r(0). What is the greatest common divisor of w and 110?
22
Let o = 20894 - 20869. Suppose 2*y - 3*y = -425. Calculate the highest common divisor of y and o.
25
Let c = -560 - -235. Let p be 8/(-10)*(c + -30). Calculate the greatest common factor of p and 4.
4
Suppose 5*k = -4*h + 152, -24*k + 20*k = -h - 109. Calculate the greatest common factor of 2604 and k.
28
Suppose 2*d - 5*s - 113360 = 0, 28*d - 5*s + 56740 = 29*d. Calculate the highest common factor of 21 and d.
21
Let x be -8 + (-9)/(-72)*88. What is the highest common factor of 933 and x?
3
Let a be 27832/60 - -26 - 2/(-15). Calculate the highest common factor of 1862 and a.
98
Let g be (-4)/(-26) - (-876)/52. Suppose 3*k - 19 = g. Let w(c) = -9*c - 6. Let i be w(-1). Calculate the greatest common factor of i and k.
3
Suppose -5*h - 4*p = -99, h - 24 = p - 6. What is the highest common factor of 6821 and h?
19
Let g(y) be the second derivative of 11/6*y**3 + 16*y**2 + 1/12*y**4 + 0 + 25*y. Let q be g(-6). What is the highest common divisor of q and 18?
2
Let r = 51 + -17. Suppose v = -r + 103. Suppose 8*h = -2119 + 2303. Calculate the highest common divisor of h and v.
23
Suppose 39*v - 703 + 1 = 0. Suppose 2*w - 3*z = 4*w - 10, -5*w + 20 = 5*z. Suppose -c = w - v. What is the greatest common factor of c and 80?
16
Suppose 0 = -13*b + 11*b + 5*o + 422, 1004 = 5*b - 4*o. What is the greatest common factor of b and 448?
28
Suppose -64 - 46 = -5*y. Let b(w) = -w**3 + 15*w**2 - 25*w + 10. Let a be b(10). Suppose 3*o - a = 4. Calculate the greatest common divisor of o and y.
22
Let o be (5 + 385/22)*2/3. Let z be 5406/o + 42/70. Calculate the highest common factor of z and 57.
19
Let c(v) = 2*v**2 - 52*v + 1939. Let i be c(26). What is the highest common divisor of 21 and i?
7
Let p(g) = -28 + 2*g**3 + g**3 + 21 - 62 - 5*g**3 + 47*g - 48*g**2. Let r be p(-25). What is the greatest common divisor of r and 6?
6
Let l = -562 - -583. Suppose 0 = -6*g - l + 123. What is the highest common factor of g and 255?
17
Let y be 39*1/3*1. Let v = 4840 + -4515. Calculate the greatest common divisor of y and v.
13
Suppose -d + 3*n + 66 = 0, -2*d + 7*d = -2*n + 296. Let x = -70210 + 70290. Calculate the highest common divisor of d and x.
20
Suppose -41*y - 70 = 504. Let g be 13 - (y + 6 - -15). Suppose -2*l + 3*l + w + 3 = 0, 4*w = -3*l - 14. What is the highest common divisor of l and g?
2
Suppose 14*n - 2002 = -14*n + 2*n. Calculate the highest common divisor of 363 and n.
11
Let x = -319 + 342. Let t be 0/6 + 44/1. Let b be 115/4*t/11. What is the highest common divisor of x and b?
23
Let y = 261 + -437. Let n = 206 + y. Calculate the greatest common divisor of 36 and n.
6
Suppose 22*k - 1980 = -38*k. Suppose -2*p - 264 = -d, 5*d - p - 1184 = 136. What is the greatest common divisor of k and d?
33
Let c be 128/10 + 84/70. Let l be (-28)/(-3 - (-637)/217). What is the highest common divisor of c and l?
14
Let w be ((-180)/20)/(9/(-12)). Let y be (212/w)/(14/126). Calculate the greatest common divisor of 265 and y.
53
Suppose 45 = 15*b - 60. What is the greatest common factor of 175 and b?
7
Let m(v) = -7*v**3 - 18*v**2 + 153*v + 1312. Let k be m(-10). What is the highest common divisor of k and 742?
106
Let p = 2497 - 2489. What is the highest common factor of p and 2276?
4
Suppose -6 - 24 = -3*r. Let n = 146 + r. Suppose 0 = 185*y - 188*y + 36. Calculate the greatest common divisor of n and y.
12
Suppose -14*s + 5*s = 99. Let k(b) = b**2 + 15*b + 64. Let z be k(s). Let u be 4/14 - (-208)/7. What is the greatest common factor of z and u?
10
Let r be 5362/154 + 4/22. Let i(t) = 14*t**2 - 4*t - 3. Let s be i(-3). Let v = 450 - s. What is the greatest common factor of v and r?
35
Suppose 39*i - 37*i = -p + 152, 0 = i + 2. Suppose -11*o = 15*o - p. Calculate the greatest common factor of 1 and o.
1
Let y be 277*21 - (-7 - (23 + -33)). Calculate the greatest common factor of y and 102.
102
Suppose -3*m + 7*m = 180. Let a be (702/m)/(1/5). Suppose 0 = -c + a - 3. Calculate the highest common factor of c and 30.
15
Let j(i) = 15 + 803*i + 3 - 804*i. Let g(u) = 1. Let h(o) = g(o) + j(o). Let q be h(11). Calculate the greatest common factor of 144 and q.
8
Let b(a) = a**2 + 83*a + 261. Let c be b(-3). Let z be 14/((-4)/(-18)*3). Calculate the greatest common divisor of c and z.
21
Let y(o) be the first derivative of -o**2/2 + 6*o - 2. Let m be y(-33). Calculate the greatest common factor of m and 3.
3
Let l be (-2)/(-9) - 893/171. Let h(y) = -3*y**3 - 7*y**2 - 27*y - 6. Let k be h(l). Calculate the greatest common divisor of k and 47.
47
Let p(q) = -2*q**2 - 9*q - 23. Let c be p(-3). Suppose 3*l = -3*x - 2*l + 49, -x = -5*l - 23. Let d = x - c. Calculate the highest common divisor of 16 and d.
16
Suppose -7*g + 11*g = 4*j + 1096, 2*g - 528 = -3*j. What is the greatest common factor of g and 410?
10
Let h(p) = p**3 + 24*p**2 - 44*p - 251. Let k be h(-25). Calculate the greatest common factor of k and 1904.
112
Let h = 330 - 314. Let w be (1 + 5/(-6))/(h/96). Let p(c) = c + 6. Let q be p(-4). Calculate the highest common factor of q and w.
1
Let o be ((-32)/48)/((-4)/6) - 720/(-5). What is the greatest common factor of 1711 and o?
29
Let s = 3556 + -3097. Calculate the highest common divisor of 102 and s.
51
Let w be (4/(-5))/(8 - (-301048)/(-37620)). What is the greatest common factor of w and 418?
38
Let u be -1*(-10 + (-6)/(-18)*15). What is the greatest common divisor of 5995 and u?
5
Suppose 235 = 8*k - 213. Let j = k + 28. Cal